{"id":340,"date":"2021-02-03T17:48:54","date_gmt":"2021-02-03T16:48:54","guid":{"rendered":"http:\/\/www.stratonigreece.com\/?page_id=340"},"modified":"2023-09-28T13:10:41","modified_gmt":"2023-09-28T11:10:41","slug":"pour-manger-un-bout","status":"publish","type":"page","link":"https:\/\/www.stratonigreece.com\/index.php\/pour-manger-un-bout\/","title":{"rendered":"Les restos"},"content":{"rendered":"\n<p class=\"p { text-align:justify; } has-text-color\" style=\"color:#006089\"><em>Petit conseil g\u00e9n\u00e9ral&nbsp;: En Gr\u00e8ce, si vous commandez vos entr\u00e9es et plats au d\u00e9part, tout arrivera en m\u00eame temps&nbsp;! Ici on met tout \u00e0 table et on m\u00e9lange les mets. Alors si vous avez le temps, ne commandez que vos entr\u00e9es. Et quand vous serez pr\u00eats pour la suite, vous commanderez les plats. Le dessert est quant \u00e0 lui souvent offert par la maison.<\/em><\/p>\n\n\n\n<div class=\"wp-block-columns is-layout-flex wp-container-core-columns-is-layout-1 wp-block-columns-is-layout-flex\">\n<div class=\"wp-block-column is-layout-flow wp-block-column-is-layout-flow\" style=\"flex-basis:33.33%\"><div class=\"wp-block-image\">\n<figure class=\"aligncenter size-large\"><img loading=\"lazy\" decoding=\"async\" width=\"1024\" height=\"768\" src=\"https:\/\/www.stratonigreece.com\/wp-content\/uploads\/2023\/09\/384477082_1305455850081751_2180223149761916007_n-1024x768.jpg\" alt=\"\" class=\"wp-image-1055\" srcset=\"https:\/\/www.stratonigreece.com\/wp-content\/uploads\/2023\/09\/384477082_1305455850081751_2180223149761916007_n-1024x768.jpg 1024w, https:\/\/www.stratonigreece.com\/wp-content\/uploads\/2023\/09\/384477082_1305455850081751_2180223149761916007_n-300x225.jpg 300w, https:\/\/www.stratonigreece.com\/wp-content\/uploads\/2023\/09\/384477082_1305455850081751_2180223149761916007_n-768x576.jpg 768w, https:\/\/www.stratonigreece.com\/wp-content\/uploads\/2023\/09\/384477082_1305455850081751_2180223149761916007_n-1536x1152.jpg 1536w, https:\/\/www.stratonigreece.com\/wp-content\/uploads\/2023\/09\/384477082_1305455850081751_2180223149761916007_n-80x60.jpg 80w, https:\/\/www.stratonigreece.com\/wp-content\/uploads\/2023\/09\/384477082_1305455850081751_2180223149761916007_n.jpg 2000w\" sizes=\"(max-width: 1024px) 100vw, 1024px\" \/><\/figure><\/div><\/div>\n\n\n\n<div class=\"wp-block-column is-layout-flow wp-block-column-is-layout-flow\" style=\"flex-basis:66.66%\">\n<p><strong><span style=\"color:#004973\" class=\"has-inline-color\">CHEZ LESKI<\/span><\/strong><br>Installez-vous sur la grande terrasse sous les platanes s\u2019il fait chaud ou au soleil hors saison, face \u00e0 la mer, commandez un ouzo mezze (vous aurez une petite bouteille d\u2019ouzo et 4 plats de tapas pour une dizaine d\u2019euros). Apr\u00e8s, ne prenez pas la carte qu\u2019on vous propose \u00e9ventuellement mais rendez-vous dans la cuisine, comme les habitu\u00e9s, pour voir quels sont les plats pr\u00e9par\u00e9s ce jour. Il est toujours possible aussi de commander des TSOUTSOUKAKIA (steaks hach\u00e9s sur le grill), TSAGANAKI MIDIA (gratin de moules dans une sauce bien relev\u00e9e), des SOUVLAKIA (brochettes de porc ou de poulet marin\u00e9es dans l\u2019huile d\u2019olive et le citron), des GAVROS (anchois frits), du poisson frais (PSARIA). Ou m\u00eame des KALAMARIA ou MACARONIAS, ceux-ci ne demandant pas de traduction. C\u2019est en fait \u00e0 l\u2019origine le restaurant de l\u2019usine.<\/p>\n<\/div>\n<\/div>\n\n\n\n<hr class=\"wp-block-separator has-css-opacity\"\/>\n\n\n\n<div class=\"wp-block-columns is-layout-flex wp-container-core-columns-is-layout-2 wp-block-columns-is-layout-flex\">\n<div class=\"wp-block-column is-layout-flow wp-block-column-is-layout-flow\" style=\"flex-basis:66.66%\">\n<p><strong><mark style=\"background-color:rgba(0, 0, 0, 0);color:#005181\" class=\"has-inline-color\">CHEZ MASSA E BELLA<\/mark><\/strong><\/p>\n\n\n\n<p>Un tr\u00e8s tr\u00e8s chouette resto\/snack. C\u2019est tr\u00e8s bien fait, avec beaucoup de choses pr\u00e9par\u00e9es maison. <br>Ici le BIFTEKI est \u00e9norme (steak hach\u00e9). Excellentes pizza\u2026bref, une valeur sure. <br>Pain Gros (le vrai) \u00e0 \u20262,50\u20ac.<\/p>\n\n\n\n<p>Le patron est \u2026le chef actuel du village. <br>Tr\u00e8s belle carte de bi\u00e8res \u00e9galement avec un grand choix de bi\u00e8res artisanales grecques tr\u00e8s int\u00e9ressantes (et m\u00eames belges\u2026 mais laissons ces derni\u00e8res aux grecs et go\u00fbtons autre-chose)<\/p>\n<\/div>\n\n\n\n<div class=\"wp-block-column is-layout-flow wp-block-column-is-layout-flow\" style=\"flex-basis:33.33%\"><div class=\"wp-block-image\">\n<figure class=\"aligncenter size-large\"><img loading=\"lazy\" decoding=\"async\" width=\"768\" height=\"1024\" src=\"https:\/\/www.stratonigreece.com\/wp-content\/uploads\/2023\/09\/382323445_1208439413465391_8630388271824272597_n-768x1024.jpg\" alt=\"\" class=\"wp-image-1049\" srcset=\"https:\/\/www.stratonigreece.com\/wp-content\/uploads\/2023\/09\/382323445_1208439413465391_8630388271824272597_n-768x1024.jpg 768w, https:\/\/www.stratonigreece.com\/wp-content\/uploads\/2023\/09\/382323445_1208439413465391_8630388271824272597_n-225x300.jpg 225w, https:\/\/www.stratonigreece.com\/wp-content\/uploads\/2023\/09\/382323445_1208439413465391_8630388271824272597_n-1152x1536.jpg 1152w, https:\/\/www.stratonigreece.com\/wp-content\/uploads\/2023\/09\/382323445_1208439413465391_8630388271824272597_n-45x60.jpg 45w, https:\/\/www.stratonigreece.com\/wp-content\/uploads\/2023\/09\/382323445_1208439413465391_8630388271824272597_n.jpg 1500w\" sizes=\"(max-width: 768px) 100vw, 768px\" \/><\/figure><\/div><\/div>\n<\/div>\n\n\n\n<hr class=\"wp-block-separator has-css-opacity\"\/>\n\n\n\n<div class=\"wp-block-columns is-layout-flex wp-container-core-columns-is-layout-3 wp-block-columns-is-layout-flex\">\n<div class=\"wp-block-column is-layout-flow wp-block-column-is-layout-flow\" style=\"flex-basis:33.33%\"><div class=\"wp-block-image\">\n<figure class=\"aligncenter size-large\"><img loading=\"lazy\" decoding=\"async\" width=\"768\" height=\"1024\" src=\"https:\/\/www.stratonigreece.com\/wp-content\/uploads\/2023\/09\/382336416_964150621350647_8040717437939135717_n-1-768x1024.jpg\" alt=\"\" class=\"wp-image-1053\" srcset=\"https:\/\/www.stratonigreece.com\/wp-content\/uploads\/2023\/09\/382336416_964150621350647_8040717437939135717_n-1-768x1024.jpg 768w, https:\/\/www.stratonigreece.com\/wp-content\/uploads\/2023\/09\/382336416_964150621350647_8040717437939135717_n-1-225x300.jpg 225w, https:\/\/www.stratonigreece.com\/wp-content\/uploads\/2023\/09\/382336416_964150621350647_8040717437939135717_n-1-1152x1536.jpg 1152w, https:\/\/www.stratonigreece.com\/wp-content\/uploads\/2023\/09\/382336416_964150621350647_8040717437939135717_n-1-45x60.jpg 45w, https:\/\/www.stratonigreece.com\/wp-content\/uploads\/2023\/09\/382336416_964150621350647_8040717437939135717_n-1.jpg 1500w\" sizes=\"(max-width: 768px) 100vw, 768px\" \/><\/figure><\/div><\/div>\n\n\n\n<div class=\"wp-block-column is-layout-flow wp-block-column-is-layout-flow\" style=\"flex-basis:66.66%\">\n<p><strong><mark style=\"background-color:rgba(0, 0, 0, 0);color:#005181\" class=\"has-inline-color\">CHEZ AYOPA<\/mark><\/strong><br>\u00a0Nous vous attendons avec l&rsquo;ambiance chaleureuse de l&rsquo;ancienne c\u00e9l\u00e8bre Agora \u00e0 la d\u00e9coration vintage, avec une aura nostalgique et des tables \u00e0 l&rsquo;ext\u00e9rieur, dans notre magnifique jardin, o\u00f9 les plats classiques et les mezz\u00e9s de l&rsquo;entreprise remplissent les tables<\/p>\n\n\n\n<p>Une taverne soign\u00e9e qui dresse ses tables \u00e0 c\u00f4t\u00e9 des platanes, deviendra le lieu de pr\u00e9dilection de Stratoni avec une aura artistique et un amour particulier pour les spiritueux traditionnels et artisanaux.\u00a0Nous vous attendons le matin pour un caf\u00e9 sur la braise, l&rsquo;apr\u00e8s-midi pour du tsipouraki et le soir pour du vin<\/p>\n<\/div>\n<\/div>\n\n\n\n<hr class=\"wp-block-separator has-css-opacity\"\/>\n\n\n\n<blockquote class=\"wp-block-quote is-layout-flow wp-block-quote-is-layout-flow\"><p><em><u>Pour faire un restaurant plus gastronomique&nbsp;:<\/u><\/em><\/p><\/blockquote>\n\n\n\n<div class=\"wp-block-columns is-layout-flex wp-container-core-columns-is-layout-4 wp-block-columns-is-layout-flex\">\n<div class=\"wp-block-column is-layout-flow wp-block-column-is-layout-flow\" style=\"flex-basis:66.66%\">\n<p><strong><span style=\"color:#005073\" class=\"has-inline-color\">BAKATSIANOS<\/span><\/strong><br> A Arnea (20 minutes de route direction Thessalonique). <br>Le restaurant BAKATSIANOS dont le patron, Dimitri, originaire du coin, a fait l\u2019\u00e9cole h\u00f4teli\u00e8re en Belgique puis a travaill\u00e9 dans quelques grandes maisons \u00e0 Bruxelles avant de pouvoir r\u00e9aliser son r\u00eave, s\u2019installer dans sa r\u00e9gion d\u2019origine. <br>La cuisine grecque aura donc ici quelques accents de cuisine fran\u00e7aise. <br>Laissez-vous guider par ses suggestions mais ne ratez pas en accompagnement le gratin de pommes de terre \u00e0 la truffe de Cholomontas&nbsp;! Ici vous pourrez aussi manger de tr\u00e8s bonnes viandes rouges (ce qui est plut\u00f4t rare en Gr\u00e8ce). Il vaut toujours mieux donner un coup de fil avant d\u2019y aller.<br><br><a href=\"https:\/\/www.bakatsianos.gr\/?fbclid=IwAR2HNcjqzNyDi0rIQJeIPn-uN-HJbRr-ubyZUq1__KDeC5EPET5BRKqnl38\">www.bakatsianos.gr<\/a><\/p>\n<\/div>\n\n\n\n<div class=\"wp-block-column is-layout-flow wp-block-column-is-layout-flow\" style=\"flex-basis:33.33%\">\n<figure class=\"wp-block-gallery aligncenter has-nested-images columns-default is-cropped wp-block-gallery-1 is-layout-flex wp-block-gallery-is-layout-flex\">\n<figure class=\"wp-block-image size-large\"><a href=\"https:\/\/www.stratonigreece.com\/wp-content\/uploads\/2021\/02\/Baska-1024x1024.jpeg\"><img loading=\"lazy\" decoding=\"async\" width=\"1024\" height=\"1024\" src=\"https:\/\/www.stratonigreece.com\/wp-content\/uploads\/2021\/02\/Baska-1024x1024.jpeg\" alt=\"\" class=\"wp-image-602\" srcset=\"https:\/\/www.stratonigreece.com\/wp-content\/uploads\/2021\/02\/Baska-1024x1024.jpeg 1024w, https:\/\/www.stratonigreece.com\/wp-content\/uploads\/2021\/02\/Baska-300x300.jpeg 300w, https:\/\/www.stratonigreece.com\/wp-content\/uploads\/2021\/02\/Baska-150x150.jpeg 150w, https:\/\/www.stratonigreece.com\/wp-content\/uploads\/2021\/02\/Baska-768x768.jpeg 768w, https:\/\/www.stratonigreece.com\/wp-content\/uploads\/2021\/02\/Baska-1536x1536.jpeg 1536w, https:\/\/www.stratonigreece.com\/wp-content\/uploads\/2021\/02\/Baska-2048x2048.jpeg 2048w, https:\/\/www.stratonigreece.com\/wp-content\/uploads\/2021\/02\/Baska-630x630.jpeg 630w, https:\/\/www.stratonigreece.com\/wp-content\/uploads\/2021\/02\/Baska-60x60.jpeg 60w\" sizes=\"(max-width: 1024px) 100vw, 1024px\" \/><\/a><\/figure>\n<\/figure>\n<\/div>\n<\/div>\n\n\n\n<hr class=\"wp-block-separator has-css-opacity\"\/>\n\n\n\n<div class=\"wp-block-columns is-layout-flex wp-container-core-columns-is-layout-5 wp-block-columns-is-layout-flex\">\n<div class=\"wp-block-column is-layout-flow wp-block-column-is-layout-flow\" style=\"flex-basis:33.33%\"><div class=\"wp-block-image\">\n<figure class=\"aligncenter size-large\"><a href=\"https:\/\/www.stratonigreece.com\/wp-content\/uploads\/2021\/02\/TVOuranoupoliFood26-1.jpg\"><img loading=\"lazy\" decoding=\"async\" width=\"673\" height=\"673\" src=\"https:\/\/www.stratonigreece.com\/wp-content\/uploads\/2021\/02\/TVOuranoupoliFood26.jpg\" alt=\"\" class=\"wp-image-607\" srcset=\"https:\/\/www.stratonigreece.com\/wp-content\/uploads\/2021\/02\/TVOuranoupoliFood26.jpg 673w, https:\/\/www.stratonigreece.com\/wp-content\/uploads\/2021\/02\/TVOuranoupoliFood26-300x300.jpg 300w, https:\/\/www.stratonigreece.com\/wp-content\/uploads\/2021\/02\/TVOuranoupoliFood26-150x150.jpg 150w, https:\/\/www.stratonigreece.com\/wp-content\/uploads\/2021\/02\/TVOuranoupoliFood26-630x630.jpg 630w, https:\/\/www.stratonigreece.com\/wp-content\/uploads\/2021\/02\/TVOuranoupoliFood26-60x60.jpg 60w\" sizes=\"(max-width: 673px) 100vw, 673px\" \/><\/a><\/figure><\/div><\/div>\n\n\n\n<div class=\"wp-block-column is-layout-flow wp-block-column-is-layout-flow\" style=\"flex-basis:66.66%\">\n<p><strong><span style=\"color:#004d6e\" class=\"has-inline-color\">KRITIKOS<\/span><\/strong><br>A Ouranopoli (20 minutes de route, apr\u00e8s Ierissos et Nea Roda). <br>S\u2019il faut se m\u00e9fier de toute la s\u00e9rie de restaurants le long du port (tr\u00e8s touristique..), n\u2019h\u00e9sitez pas \u00e0 vous installer au KRITIKOS, dans une petite ruelle perpendiculaire \u00e0 la mer (centre du village). <br>C\u2019est un peu plus cher qu\u2019habituellement en Gr\u00e8ce mais la cuisine est tr\u00e8s bonne. <br>Fruits de mer, homards, langoustes\u2026Mais aussi des plats mijot\u00e9s excellents. <br><a href=\"http:\/\/www.okritikos.com\">www.okritikos.com<\/a><\/p>\n<\/div>\n<\/div>\n\n\n\n<hr class=\"wp-block-separator has-css-opacity\"\/>\n\n\n\n<div class=\"wp-block-columns is-layout-flex wp-container-core-columns-is-layout-6 wp-block-columns-is-layout-flex\">\n<div class=\"wp-block-column is-layout-flow wp-block-column-is-layout-flow\" style=\"flex-basis:66.66%\">\n<p><mark style=\"background-color:rgba(0, 0, 0, 0);color:#00578a\" class=\"has-inline-color\"><strong>MILTIADIS<\/strong><\/mark><br>Et un autre MUST sur votre route (la 16) entre l\u2019a\u00e9roport et Stratoni\u2026Pile \u00e0 mi-chemin\u00a0: <br>le village de Agios Prodromos\u00a0: <br>Les meilleurs souvlakis (brochettes)\u2026du pays.<br>Une 20 aines de restos dans un tout petit village. <br>Notre choix et celui d\u2019amis\u00a0: Miltiadis (2<sup>\u00e8me<\/sup> apr\u00e8s le pont en venant de thessaloniki).<\/p>\n<\/div>\n\n\n\n<div class=\"wp-block-column is-layout-flow wp-block-column-is-layout-flow\" style=\"flex-basis:33.33%\"><div class=\"wp-block-image\">\n<figure class=\"aligncenter size-large\"><a href=\"https:\/\/www.stratonigreece.com\/wp-content\/uploads\/2021\/02\/F2CC0E18-5481-405F-920D-2537018B23C1.jpeg\"><img loading=\"lazy\" decoding=\"async\" width=\"600\" height=\"600\" src=\"https:\/\/www.stratonigreece.com\/wp-content\/uploads\/2021\/02\/F2CC0E18-5481-405F-920D-2537018B23C1.jpeg\" alt=\"\" class=\"wp-image-714\" srcset=\"https:\/\/www.stratonigreece.com\/wp-content\/uploads\/2021\/02\/F2CC0E18-5481-405F-920D-2537018B23C1.jpeg 600w, https:\/\/www.stratonigreece.com\/wp-content\/uploads\/2021\/02\/F2CC0E18-5481-405F-920D-2537018B23C1-300x300.jpeg 300w, https:\/\/www.stratonigreece.com\/wp-content\/uploads\/2021\/02\/F2CC0E18-5481-405F-920D-2537018B23C1-150x150.jpeg 150w, https:\/\/www.stratonigreece.com\/wp-content\/uploads\/2021\/02\/F2CC0E18-5481-405F-920D-2537018B23C1-60x60.jpeg 60w\" sizes=\"(max-width: 600px) 100vw, 600px\" \/><\/a><\/figure><\/div><\/div>\n<\/div>\n\n\n\n<hr class=\"wp-block-separator has-css-opacity\"\/>\n\n\n\n<div class=\"wp-block-columns has-white-background-color has-background is-layout-flex wp-container-core-columns-is-layout-7 wp-block-columns-is-layout-flex\">\n<div class=\"wp-block-column is-layout-flow wp-block-column-is-layout-flow\" style=\"flex-basis:33.33%\">\n<figure class=\"wp-block-image size-large\"><a href=\"https:\/\/www.stratonigreece.com\/wp-content\/uploads\/2021\/02\/philosophy_3-1.jpg\"><img loading=\"lazy\" decoding=\"async\" width=\"640\" height=\"640\" src=\"https:\/\/www.stratonigreece.com\/wp-content\/uploads\/2021\/02\/philosophy_3carre.jpg\" alt=\"\" class=\"wp-image-693\" srcset=\"https:\/\/www.stratonigreece.com\/wp-content\/uploads\/2021\/02\/philosophy_3carre.jpg 640w, https:\/\/www.stratonigreece.com\/wp-content\/uploads\/2021\/02\/philosophy_3carre-300x300.jpg 300w, https:\/\/www.stratonigreece.com\/wp-content\/uploads\/2021\/02\/philosophy_3carre-150x150.jpg 150w, https:\/\/www.stratonigreece.com\/wp-content\/uploads\/2021\/02\/philosophy_3carre-630x630.jpg 630w, https:\/\/www.stratonigreece.com\/wp-content\/uploads\/2021\/02\/philosophy_3carre-60x60.jpg 60w\" sizes=\"(max-width: 640px) 100vw, 640px\" \/><\/a><\/figure>\n<\/div>\n\n\n\n<div class=\"wp-block-column is-layout-flow wp-block-column-is-layout-flow\" style=\"flex-basis:66.66%\">\n<p><strong><span style=\"color:#00578a\" class=\"has-inline-color\">KALAMATIANOS&nbsp;<\/span><\/strong><br>L\u2019extase. Cuisine high level face \u00e0 la mer\u2026et aux prix grecs. Un must.<br>A l\u2019entr\u00e9e de STAVROS (20 \u00e0 minutes de route) <br><a href=\"https:\/\/fr.tripadvisor.be\/Restaurant_Review-g2292053-d4573979-Reviews-Kalamatianos_Seafood_Restaurant-Stavros_Thessaloniki_Region_Central_Macedonia.html\">Kalamatianos Seafood Restaurant<\/a><br><a rel=\"noreferrer noopener\" href=\"https:\/\/kalamatianos.restaurant\/en\/\" target=\"_blank\">https:\/\/kalamatianos.restaurant\/en\/<\/a><\/p>\n<\/div>\n<\/div>\n","protected":false},"excerpt":{"rendered":"<p>Petit conseil g\u00e9n\u00e9ral&nbsp;: En Gr\u00e8ce, si vous commandez vos entr\u00e9es et plats au d\u00e9part, tout arrivera en m\u00eame temps&nbsp;! Ici on met tout \u00e0 table et on m\u00e9lange les mets. Alors si vous avez le temps, ne commandez que vos entr\u00e9es. Et quand vous serez &hellip; <\/p>\n","protected":false},"author":2,"featured_media":0,"parent":0,"menu_order":0,"comment_status":"closed","ping_status":"closed","template":"","meta":{"footnotes":""},"yoast_head":"<!-- This site is optimized with the Yoast SEO plugin v24.0 - https:\/\/yoast.com\/wordpress\/plugins\/seo\/ -->\n<title>Les restos - StratoniGreece<\/title>\n<meta name=\"description\" content=\"Savourez notre d&#039;exp\u00e9rience. Au StratoniGreece, nous vous proposons une \u00ab Balade gustative \u00bb de notre belle r\u00e9gion. Passez un moment unique, en toute convivialit\u00e9, ...\" \/>\n<meta name=\"robots\" content=\"index, follow, max-snippet:-1, max-image-preview:large, max-video-preview:-1\" \/>\n<link rel=\"canonical\" href=\"https:\/\/www.stratonigreece.com\/index.php\/pour-manger-un-bout\/\" \/>\n<meta property=\"og:locale\" content=\"fr_FR\" \/>\n<meta property=\"og:type\" content=\"article\" \/>\n<meta property=\"og:title\" content=\"Les restos - StratoniGreece\" \/>\n<meta property=\"og:description\" content=\"Savourez notre d&#039;exp\u00e9rience. Au StratoniGreece, nous vous proposons une \u00ab Balade gustative \u00bb de notre belle r\u00e9gion. Passez un moment unique, en toute convivialit\u00e9, ...\" \/>\n<meta property=\"og:url\" content=\"https:\/\/www.stratonigreece.com\/index.php\/pour-manger-un-bout\/\" \/>\n<meta property=\"og:site_name\" content=\"StratoniGreece\" \/>\n<meta property=\"article:modified_time\" content=\"2023-09-28T11:10:41+00:00\" \/>\n<meta property=\"og:image\" content=\"https:\/\/www.stratonigreece.com\/wp-content\/uploads\/2023\/09\/384477082_1305455850081751_2180223149761916007_n-1024x768.jpg\" \/>\n<meta name=\"twitter:card\" content=\"summary_large_image\" \/>\n<meta name=\"twitter:label1\" content=\"Dur\u00e9e de lecture estim\u00e9e\" \/>\n\t<meta name=\"twitter:data1\" content=\"5 minutes\" \/>\n<script type=\"application\/ld+json\" class=\"yoast-schema-graph\">{\"@context\":\"https:\/\/schema.org\",\"@graph\":[{\"@type\":\"WebPage\",\"@id\":\"https:\/\/www.stratonigreece.com\/index.php\/pour-manger-un-bout\/\",\"url\":\"https:\/\/www.stratonigreece.com\/index.php\/pour-manger-un-bout\/\",\"name\":\"Les restos - StratoniGreece\",\"isPartOf\":{\"@id\":\"https:\/\/www.stratonigreece.com\/#website\"},\"primaryImageOfPage\":{\"@id\":\"https:\/\/www.stratonigreece.com\/index.php\/pour-manger-un-bout\/#primaryimage\"},\"image\":{\"@id\":\"https:\/\/www.stratonigreece.com\/index.php\/pour-manger-un-bout\/#primaryimage\"},\"thumbnailUrl\":\"https:\/\/www.stratonigreece.com\/wp-content\/uploads\/2023\/09\/384477082_1305455850081751_2180223149761916007_n-1024x768.jpg\",\"datePublished\":\"2021-02-03T16:48:54+00:00\",\"dateModified\":\"2023-09-28T11:10:41+00:00\",\"description\":\"Savourez notre d'exp\u00e9rience. Au StratoniGreece, nous vous proposons une \u00ab Balade gustative \u00bb de notre belle r\u00e9gion. Passez un moment unique, en toute convivialit\u00e9, ...\",\"breadcrumb\":{\"@id\":\"https:\/\/www.stratonigreece.com\/index.php\/pour-manger-un-bout\/#breadcrumb\"},\"inLanguage\":\"fr-FR\",\"potentialAction\":[{\"@type\":\"ReadAction\",\"target\":[\"https:\/\/www.stratonigreece.com\/index.php\/pour-manger-un-bout\/\"]}]},{\"@type\":\"ImageObject\",\"inLanguage\":\"fr-FR\",\"@id\":\"https:\/\/www.stratonigreece.com\/index.php\/pour-manger-un-bout\/#primaryimage\",\"url\":\"https:\/\/www.stratonigreece.com\/wp-content\/uploads\/2023\/09\/384477082_1305455850081751_2180223149761916007_n.jpg\",\"contentUrl\":\"https:\/\/www.stratonigreece.com\/wp-content\/uploads\/2023\/09\/384477082_1305455850081751_2180223149761916007_n.jpg\",\"width\":2000,\"height\":1500},{\"@type\":\"BreadcrumbList\",\"@id\":\"https:\/\/www.stratonigreece.com\/index.php\/pour-manger-un-bout\/#breadcrumb\",\"itemListElement\":[{\"@type\":\"ListItem\",\"position\":1,\"name\":\"Accueil\",\"item\":\"https:\/\/www.stratonigreece.com\/\"},{\"@type\":\"ListItem\",\"position\":2,\"name\":\"Les restos\"}]},{\"@type\":\"WebSite\",\"@id\":\"https:\/\/www.stratonigreece.com\/#website\",\"url\":\"https:\/\/www.stratonigreece.com\/\",\"name\":\"StratoniGreece\",\"description\":\"Les amis de Stratoni Halkidiki Greece\",\"potentialAction\":[{\"@type\":\"SearchAction\",\"target\":{\"@type\":\"EntryPoint\",\"urlTemplate\":\"https:\/\/www.stratonigreece.com\/?s={search_term_string}\"},\"query-input\":{\"@type\":\"PropertyValueSpecification\",\"valueRequired\":true,\"valueName\":\"search_term_string\"}}],\"inLanguage\":\"fr-FR\"}]}<\/script>\n<!-- \/ Yoast SEO plugin. -->","yoast_head_json":{"title":"Les restos - StratoniGreece","description":"Savourez notre d'exp\u00e9rience. Au StratoniGreece, nous vous proposons une \u00ab Balade gustative \u00bb de notre belle r\u00e9gion. Passez un moment unique, en toute convivialit\u00e9, ...","robots":{"index":"index","follow":"follow","max-snippet":"max-snippet:-1","max-image-preview":"max-image-preview:large","max-video-preview":"max-video-preview:-1"},"canonical":"https:\/\/www.stratonigreece.com\/index.php\/pour-manger-un-bout\/","og_locale":"fr_FR","og_type":"article","og_title":"Les restos - StratoniGreece","og_description":"Savourez notre d'exp\u00e9rience. Au StratoniGreece, nous vous proposons une \u00ab Balade gustative \u00bb de notre belle r\u00e9gion. Passez un moment unique, en toute convivialit\u00e9, ...","og_url":"https:\/\/www.stratonigreece.com\/index.php\/pour-manger-un-bout\/","og_site_name":"StratoniGreece","article_modified_time":"2023-09-28T11:10:41+00:00","og_image":[{"url":"https:\/\/www.stratonigreece.com\/wp-content\/uploads\/2023\/09\/384477082_1305455850081751_2180223149761916007_n-1024x768.jpg","type":"","width":"","height":""}],"twitter_card":"summary_large_image","twitter_misc":{"Dur\u00e9e de lecture estim\u00e9e":"5 minutes"},"schema":{"@context":"https:\/\/schema.org","@graph":[{"@type":"WebPage","@id":"https:\/\/www.stratonigreece.com\/index.php\/pour-manger-un-bout\/","url":"https:\/\/www.stratonigreece.com\/index.php\/pour-manger-un-bout\/","name":"Les restos - StratoniGreece","isPartOf":{"@id":"https:\/\/www.stratonigreece.com\/#website"},"primaryImageOfPage":{"@id":"https:\/\/www.stratonigreece.com\/index.php\/pour-manger-un-bout\/#primaryimage"},"image":{"@id":"https:\/\/www.stratonigreece.com\/index.php\/pour-manger-un-bout\/#primaryimage"},"thumbnailUrl":"https:\/\/www.stratonigreece.com\/wp-content\/uploads\/2023\/09\/384477082_1305455850081751_2180223149761916007_n-1024x768.jpg","datePublished":"2021-02-03T16:48:54+00:00","dateModified":"2023-09-28T11:10:41+00:00","description":"Savourez notre d'exp\u00e9rience. Au StratoniGreece, nous vous proposons une \u00ab Balade gustative \u00bb de notre belle r\u00e9gion. Passez un moment unique, en toute convivialit\u00e9, ...","breadcrumb":{"@id":"https:\/\/www.stratonigreece.com\/index.php\/pour-manger-un-bout\/#breadcrumb"},"inLanguage":"fr-FR","potentialAction":[{"@type":"ReadAction","target":["https:\/\/www.stratonigreece.com\/index.php\/pour-manger-un-bout\/"]}]},{"@type":"ImageObject","inLanguage":"fr-FR","@id":"https:\/\/www.stratonigreece.com\/index.php\/pour-manger-un-bout\/#primaryimage","url":"https:\/\/www.stratonigreece.com\/wp-content\/uploads\/2023\/09\/384477082_1305455850081751_2180223149761916007_n.jpg","contentUrl":"https:\/\/www.stratonigreece.com\/wp-content\/uploads\/2023\/09\/384477082_1305455850081751_2180223149761916007_n.jpg","width":2000,"height":1500},{"@type":"BreadcrumbList","@id":"https:\/\/www.stratonigreece.com\/index.php\/pour-manger-un-bout\/#breadcrumb","itemListElement":[{"@type":"ListItem","position":1,"name":"Accueil","item":"https:\/\/www.stratonigreece.com\/"},{"@type":"ListItem","position":2,"name":"Les restos"}]},{"@type":"WebSite","@id":"https:\/\/www.stratonigreece.com\/#website","url":"https:\/\/www.stratonigreece.com\/","name":"StratoniGreece","description":"Les amis de Stratoni Halkidiki Greece","potentialAction":[{"@type":"SearchAction","target":{"@type":"EntryPoint","urlTemplate":"https:\/\/www.stratonigreece.com\/?s={search_term_string}"},"query-input":{"@type":"PropertyValueSpecification","valueRequired":true,"valueName":"search_term_string"}}],"inLanguage":"fr-FR"}]}},"_links":{"self":[{"href":"https:\/\/www.stratonigreece.com\/index.php\/wp-json\/wp\/v2\/pages\/340"}],"collection":[{"href":"https:\/\/www.stratonigreece.com\/index.php\/wp-json\/wp\/v2\/pages"}],"about":[{"href":"https:\/\/www.stratonigreece.com\/index.php\/wp-json\/wp\/v2\/types\/page"}],"author":[{"embeddable":true,"href":"https:\/\/www.stratonigreece.com\/index.php\/wp-json\/wp\/v2\/users\/2"}],"replies":[{"embeddable":true,"href":"https:\/\/www.stratonigreece.com\/index.php\/wp-json\/wp\/v2\/comments?post=340"}],"version-history":[{"count":70,"href":"https:\/\/www.stratonigreece.com\/index.php\/wp-json\/wp\/v2\/pages\/340\/revisions"}],"predecessor-version":[{"id":1057,"href":"https:\/\/www.stratonigreece.com\/index.php\/wp-json\/wp\/v2\/pages\/340\/revisions\/1057"}],"wp:attachment":[{"href":"https:\/\/www.stratonigreece.com\/index.php\/wp-json\/wp\/v2\/media?parent=340"}],"curies":[{"name":"wp","href":"https:\/\/api.w.org\/{rel}","templated":true}]}}