{"id":845,"date":"2021-05-21T09:37:59","date_gmt":"2021-05-21T07:37:59","guid":{"rendered":"http:\/\/www.stratonigreece.com\/?page_id=845"},"modified":"2021-05-21T12:22:22","modified_gmt":"2021-05-21T10:22:22","slug":"sy-rendre","status":"publish","type":"page","link":"https:\/\/www.stratonigreece.com\/index.php\/sy-rendre\/","title":{"rendered":"S&rsquo;y rendre"},"content":{"rendered":"\n<h4 class=\"has-text-color wp-block-heading\" style=\"color:#004e6f\">Itin\u00e9raire :<\/h4>\n\n\n\n<p class=\"has-text-color\" style=\"color:#00638d\"><span style=\"color:#87898a\" class=\"has-inline-color\">De A\u00e9roport international de Thessalonique Mak\u00e9donia \u00e0 Stratoni beach via EO Thessalonikis Poligirou et EO Thessalonikis Ierissou <br><strong>Temps estim\u00e9 : <\/strong>1 h 30 min (91 km) 1 h 30 min dans les conditions actuelles de circulation<\/span><\/p>\n\n\n\n<hr class=\"wp-block-separator\"\/>\n\n\n\n<h4 class=\"wp-block-heading\"><span style=\"color:#004d6f\" class=\"has-inline-color\">Comment rejoindre la maison ?<\/span><\/h4>\n\n\n\n<div class=\"wp-block-columns is-layout-flex wp-container-core-columns-is-layout-1 wp-block-columns-is-layout-flex\">\n<div class=\"wp-block-column is-layout-flow wp-block-column-is-layout-flow\" style=\"flex-basis:33.33%\">\n<figure class=\"wp-block-image size-large\"><img loading=\"lazy\" decoding=\"async\" width=\"473\" height=\"1024\" src=\"https:\/\/www.stratonigreece.com\/wp-content\/uploads\/2021\/05\/itineraire-473x1024.jpg\" alt=\"\" class=\"wp-image-852\" srcset=\"https:\/\/www.stratonigreece.com\/wp-content\/uploads\/2021\/05\/itineraire-473x1024.jpg 473w, https:\/\/www.stratonigreece.com\/wp-content\/uploads\/2021\/05\/itineraire-138x300.jpg 138w, https:\/\/www.stratonigreece.com\/wp-content\/uploads\/2021\/05\/itineraire-768x1664.jpg 768w, https:\/\/www.stratonigreece.com\/wp-content\/uploads\/2021\/05\/itineraire-709x1536.jpg 709w, https:\/\/www.stratonigreece.com\/wp-content\/uploads\/2021\/05\/itineraire-28x60.jpg 28w, https:\/\/www.stratonigreece.com\/wp-content\/uploads\/2021\/05\/itineraire.jpg 945w\" sizes=\"(max-width: 473px) 100vw, 473px\" \/><\/figure>\n<\/div>\n\n\n\n<div class=\"wp-block-column is-layout-flow wp-block-column-is-layout-flow\" style=\"flex-basis:66.66%\">\n<p><\/p>\n\n\n\n<ol><li><span style=\"color:#8d8e8f\" class=\"has-inline-color\">Prendre la direction sud-ouest sur EO Aerodromiou Thessalonikis<\/span><\/li><li><span style=\"color:#8d8e8f\" class=\"has-inline-color\">Tourner l\u00e9g\u00e8rement \u00e0 droite vers \u03a7\u03ce\u03c1\u03bf\u03c2 \u0391\u03bd\u03b1\u03c7\u03c9\u03c1\u03ae\u03c3\u03b5\u03c9\u03bd<\/span><\/li><li><span style=\"color:#8d8e8f\" class=\"has-inline-color\">Continuer tout droit sur \u03a7\u03ce\u03c1\u03bf\u03c2 \u0391\u03bd\u03b1\u03c7\u03c9\u03c1\u03ae\u03c3\u03b5\u03c9\u03bd<\/span><\/li><li><span style=\"color:#8d8e8f\" class=\"has-inline-color\">Prendre \u00e0 droite sur EO Aerodromiou Thessalonikis<\/span><\/li><li><span style=\"color:#8d8e8f\" class=\"has-inline-color\">Prendre \u00e0 gauche sur Leof. Georgikis Scholis (panneaux vers Polygyros\/Kalamaria)<\/span><\/li><li><span style=\"color:#8d8e8f\" class=\"has-inline-color\">Prendre \u00e0 droite sur EO Thessalonikis Poligirou <br>(panneaux vers Vasilika\/Polygyros\/Nea Moudania\/Agion Oros)<\/span><\/li><li><span style=\"color:#8d8e8f\" class=\"has-inline-color\">Au rond-point, prendre la 2e sortie et continuer sur EO Thessalonikis Poligirou<\/span><\/li><li><span style=\"color:#8d8e8f\" class=\"has-inline-color\">Au rond-point, prendre EO Thessalonikis Poligirou<\/span><\/li><li><span style=\"color:#8d8e8f\" class=\"has-inline-color\">Au rond-point, prendre la 2e sortie<\/span><\/li><li><span style=\"color:#8d8e8f\" class=\"has-inline-color\">Sortir du rond-point<\/span><\/li><li><span style=\"color:#8d8e8f\" class=\"has-inline-color\">Prendre \u00e0 gauche sur EO Thessalonikis Ierissou (panneaux vers Agios Prodromos\/Arnea)<\/span><\/li><li><span style=\"color:#8d8e8f\" class=\"has-inline-color\">Tourner l\u00e9g\u00e8rement \u00e0 gauche<\/span><\/li><li><span style=\"color:#8d8e8f\" class=\"has-inline-color\">Prendre \u00e0 droite sur \u03a0\u03b1\u03c1\u03b1\u03ba\u03b1\u03bc\u03c8\u03b7 \u0391\u03c1\u03bd\u03b1\u03b9\u03b1\u03c2<\/span><\/li><li><span style=\"color:#8d8e8f\" class=\"has-inline-color\">Prendre \u00e0 gauche sur EO Thessalonikis Ierissou<\/span><\/li><li><span style=\"color:#8d8e8f\" class=\"has-inline-color\">Continuer tout droit<\/span><\/li><li><span style=\"color:#8d8e8f\" class=\"has-inline-color\">Tourner \u00e0 droite<\/span><\/li><li><span style=\"color:#8d8e8f\" class=\"has-inline-color\">Arriv\u00e9e : Stratoni beach<\/span><\/li><\/ol>\n<\/div>\n<\/div>\n\n\n\n<hr class=\"wp-block-separator\"\/>\n\n\n\n<p>Pour obtenir l&rsquo;itin\u00e9raire optimal en fonction du trafic, acc\u00e9dez \u00e0 <a href=\"https:\/\/l.facebook.com\/l.php?u=https%3A%2F%2Fmaps.app.goo.gl%2FZPgKhfCVtxcztHB17%3Ffbclid%3DIwAR11CJzmMG15h5uh7lA_kD25g09aJ-xh4LCN2VfamptDfnjcWfto4eTn3NM&amp;h=AT0OePvtCMQpemF41JVJBtAj_xSnAdJhtU7BxWb1jBUeKxgn59Sp0JKVgEOxDjnOOVj5puVR7lnyhuJtsjk7ZW85_9bM5lO9fgOnN9uX0Xk_1a1wT8Z1JohBmIB1vJ8SBIY\" rel=\"noreferrer noopener\" target=\"_blank\">https:\/\/maps.app.goo.gl\/ZPgKhfCVtxcztHB17<\/a><\/p>\n\n\n\n<hr class=\"wp-block-separator\"\/>\n\n\n\n<h4 class=\"wp-block-heading\"><span style=\"color:#004a6a\" class=\"has-inline-color\">Situation :<\/span><\/h4>\n\n\n\n<p><span class=\"has-inline-color has-vivid-cyan-blue-color\">Lignes a\u00e9riennes&nbsp;: <\/span>Charleroi ( mais aussi Eindhoven et Beauvais) \u2013 Thessalonique <a href=\"https:\/\/www.ryanair.com\/be\/fr\/vols-a-bas-prix-destinationshttps:\/\/www.ryanair.com\/be\/fr\/vols-a-bas-prix-destinations\">(Ryanair)<\/a>&nbsp;: 2h45 + <a href=\"https:\/\/fr.aegeanair.com\/organiser\/low-fare-calendar\/?dep=BRU&amp;arr=SKG&amp;month=2021-6&amp;type=O&amp;fbclid=IwAR2nysjmK-Ki0kjFm6p50dmPC_zrW9Fa5MzzXqXyi809B_59exMfEBdY70g\">Aegean Airlines<\/a>. Stratoni est situ\u00e9e en Mac\u00e9doine (Halkidiki) \u00e0 102km (1h10) de l\u2019a\u00e9roport de Thessalonique.<\/p>\n\n\n\n<div class=\"wp-block-columns is-layout-flex wp-container-core-columns-is-layout-2 wp-block-columns-is-layout-flex\">\n<div class=\"wp-block-column is-layout-flow wp-block-column-is-layout-flow\">\n<figure class=\"wp-block-image size-large\"><img loading=\"lazy\" decoding=\"async\" width=\"480\" height=\"480\" src=\"https:\/\/www.stratonigreece.com\/wp-content\/uploads\/2021\/02\/carte.png\" alt=\"\" class=\"wp-image-305\" srcset=\"https:\/\/www.stratonigreece.com\/wp-content\/uploads\/2021\/02\/carte.png 480w, https:\/\/www.stratonigreece.com\/wp-content\/uploads\/2021\/02\/carte-300x300.png 300w, https:\/\/www.stratonigreece.com\/wp-content\/uploads\/2021\/02\/carte-150x150.png 150w, https:\/\/www.stratonigreece.com\/wp-content\/uploads\/2021\/02\/carte-60x60.png 60w\" sizes=\"(max-width: 480px) 100vw, 480px\" \/><\/figure>\n<\/div>\n\n\n\n<div class=\"wp-block-column is-layout-flow wp-block-column-is-layout-flow\">\n<p><br>Stratoni se situe entre Olimpiada (Ancient Stagira, ville de naissance d&rsquo;Aristote) et le Mont Athos observable de la plage et de la terrasse arri\u00e8re de la maison.<\/p>\n\n\n\n<p>Le mont Athos situ\u00e9 \u00e0 30km est le point phare touristique de la p\u00e9ninsule en plus des nombreuses plages environnantes.<\/p>\n\n\n\n<p>Les 2 autres p\u00e9ninsules de Halkidiki sont \u00e0 45 minutes de route.<\/p>\n\n\n\n<p><span class=\"has-inline-color has-vivid-red-color\">Important&nbsp;: <\/span>Stratoni est l\u2019anti Mykonos ou Ibiza, etc\u2026.Si c\u2019est ce que vous cherchez\u2026.vous ne serez pas heureux chez nous\u2026<\/p>\n<\/div>\n<\/div>\n\n\n\n<hr class=\"wp-block-separator\"\/>\n\n\n\n<h4 class=\"wp-block-heading\"><span style=\"color:#004766\" class=\"has-inline-color\">Liens Utiles :<\/span><\/h4>\n\n\n\n<p><a href=\"https:\/\/www.ryanair.com\/be\/fr\/vols-a-bas-prix-destinations\">Vols \u00e0 bas prix<\/a><br><a href=\"https:\/\/fr.aegeanair.com\/organiser\/low-fare-calendar\/?dep=BRU&amp;arr=SKG&amp;month=2021-6&amp;type=O&amp;fbclid=IwAR2nysjmK-Ki0kjFm6p50dmPC_zrW9Fa5MzzXqXyi809B_59exMfEBdY70g\">Trouvez les tarifs les plus bas pour votre voyage<\/a><br><a href=\"https:\/\/fr.aegeanair.com\/decouvrir\/destinations\/thessalonique\/\">Destination Thessalonique<\/a><br><a href=\"http:\/\/www.sixt.be\">voitures de locations \u00e0 l&rsquo;a\u00e9roport<\/a><br><a href=\"https:\/\/www.avance.gr\/?gclid=cj0kcqiayoecbhctarisaofpkxhttfi8vfkk2s-vox9mxwsvyddafabl9xsvzaxkhhv9u-584c_y7isaarpvealw_wcb&amp;fbclid=IwAR1O9LsvxMOWmQorUT3KYpUrSt0AofvinT96iAMtaFw1lQ-WYkzLqOJHo90\">Avance car rental<\/a><br><a href=\"https:\/\/www.thrifty.be\/?fbclid=IwAR1o-0NZ04j1_EzofdfzdXMorXBZ9VKajMptWaLrZQOh-dfqaBpYpM5MA6g\">Autres locations<\/a><br> <\/p>\n","protected":false},"excerpt":{"rendered":"<p>Itin\u00e9raire : De A\u00e9roport international de Thessalonique Mak\u00e9donia \u00e0 Stratoni beach via EO Thessalonikis Poligirou et EO Thessalonikis Ierissou Temps estim\u00e9 : 1 h 30 min (91 km) 1 h 30 min dans les conditions actuelles de circulation Comment rejoindre la maison ? Prendre la &hellip; <\/p>\n","protected":false},"author":2,"featured_media":0,"parent":0,"menu_order":0,"comment_status":"closed","ping_status":"closed","template":"","meta":{"footnotes":""},"yoast_head":"<!-- This site is optimized with the Yoast SEO plugin v24.0 - https:\/\/yoast.com\/wordpress\/plugins\/seo\/ -->\n<title>S&#039;y rendre - StratoniGreece<\/title>\n<meta name=\"robots\" content=\"index, follow, max-snippet:-1, max-image-preview:large, max-video-preview:-1\" \/>\n<link rel=\"canonical\" href=\"https:\/\/www.stratonigreece.com\/index.php\/sy-rendre\/\" \/>\n<meta property=\"og:locale\" content=\"fr_FR\" \/>\n<meta property=\"og:type\" content=\"article\" \/>\n<meta property=\"og:title\" content=\"S&#039;y rendre - StratoniGreece\" \/>\n<meta property=\"og:description\" content=\"Itin\u00e9raire : De A\u00e9roport international de Thessalonique Mak\u00e9donia \u00e0 Stratoni beach via EO Thessalonikis Poligirou et EO Thessalonikis Ierissou Temps estim\u00e9 : 1 h 30 min (91 km) 1 h 30 min dans les conditions actuelles de circulation Comment rejoindre la maison ? Prendre la &hellip;\" \/>\n<meta property=\"og:url\" content=\"https:\/\/www.stratonigreece.com\/index.php\/sy-rendre\/\" \/>\n<meta property=\"og:site_name\" content=\"StratoniGreece\" \/>\n<meta property=\"article:modified_time\" content=\"2021-05-21T10:22:22+00:00\" \/>\n<meta property=\"og:image\" content=\"http:\/\/www.stratonigreece.com\/wp-content\/uploads\/2021\/05\/itineraire-473x1024.jpg\" \/>\n<meta name=\"twitter:card\" content=\"summary_large_image\" \/>\n<meta name=\"twitter:label1\" content=\"Dur\u00e9e de lecture estim\u00e9e\" \/>\n\t<meta name=\"twitter:data1\" content=\"2 minutes\" \/>\n<script type=\"application\/ld+json\" class=\"yoast-schema-graph\">{\"@context\":\"https:\/\/schema.org\",\"@graph\":[{\"@type\":\"WebPage\",\"@id\":\"https:\/\/www.stratonigreece.com\/index.php\/sy-rendre\/\",\"url\":\"https:\/\/www.stratonigreece.com\/index.php\/sy-rendre\/\",\"name\":\"S'y rendre - StratoniGreece\",\"isPartOf\":{\"@id\":\"https:\/\/www.stratonigreece.com\/#website\"},\"primaryImageOfPage\":{\"@id\":\"https:\/\/www.stratonigreece.com\/index.php\/sy-rendre\/#primaryimage\"},\"image\":{\"@id\":\"https:\/\/www.stratonigreece.com\/index.php\/sy-rendre\/#primaryimage\"},\"thumbnailUrl\":\"http:\/\/www.stratonigreece.com\/wp-content\/uploads\/2021\/05\/itineraire-473x1024.jpg\",\"datePublished\":\"2021-05-21T07:37:59+00:00\",\"dateModified\":\"2021-05-21T10:22:22+00:00\",\"breadcrumb\":{\"@id\":\"https:\/\/www.stratonigreece.com\/index.php\/sy-rendre\/#breadcrumb\"},\"inLanguage\":\"fr-FR\",\"potentialAction\":[{\"@type\":\"ReadAction\",\"target\":[\"https:\/\/www.stratonigreece.com\/index.php\/sy-rendre\/\"]}]},{\"@type\":\"ImageObject\",\"inLanguage\":\"fr-FR\",\"@id\":\"https:\/\/www.stratonigreece.com\/index.php\/sy-rendre\/#primaryimage\",\"url\":\"https:\/\/www.stratonigreece.com\/wp-content\/uploads\/2021\/05\/itineraire.jpg\",\"contentUrl\":\"https:\/\/www.stratonigreece.com\/wp-content\/uploads\/2021\/05\/itineraire.jpg\",\"width\":945,\"height\":2048},{\"@type\":\"BreadcrumbList\",\"@id\":\"https:\/\/www.stratonigreece.com\/index.php\/sy-rendre\/#breadcrumb\",\"itemListElement\":[{\"@type\":\"ListItem\",\"position\":1,\"name\":\"Accueil\",\"item\":\"https:\/\/www.stratonigreece.com\/\"},{\"@type\":\"ListItem\",\"position\":2,\"name\":\"S&rsquo;y rendre\"}]},{\"@type\":\"WebSite\",\"@id\":\"https:\/\/www.stratonigreece.com\/#website\",\"url\":\"https:\/\/www.stratonigreece.com\/\",\"name\":\"StratoniGreece\",\"description\":\"Les amis de Stratoni Halkidiki Greece\",\"potentialAction\":[{\"@type\":\"SearchAction\",\"target\":{\"@type\":\"EntryPoint\",\"urlTemplate\":\"https:\/\/www.stratonigreece.com\/?s={search_term_string}\"},\"query-input\":{\"@type\":\"PropertyValueSpecification\",\"valueRequired\":true,\"valueName\":\"search_term_string\"}}],\"inLanguage\":\"fr-FR\"}]}<\/script>\n<!-- \/ Yoast SEO plugin. -->","yoast_head_json":{"title":"S'y rendre - StratoniGreece","robots":{"index":"index","follow":"follow","max-snippet":"max-snippet:-1","max-image-preview":"max-image-preview:large","max-video-preview":"max-video-preview:-1"},"canonical":"https:\/\/www.stratonigreece.com\/index.php\/sy-rendre\/","og_locale":"fr_FR","og_type":"article","og_title":"S'y rendre - StratoniGreece","og_description":"Itin\u00e9raire : De A\u00e9roport international de Thessalonique Mak\u00e9donia \u00e0 Stratoni beach via EO Thessalonikis Poligirou et EO Thessalonikis Ierissou Temps estim\u00e9 : 1 h 30 min (91 km) 1 h 30 min dans les conditions actuelles de circulation Comment rejoindre la maison ? Prendre la &hellip;","og_url":"https:\/\/www.stratonigreece.com\/index.php\/sy-rendre\/","og_site_name":"StratoniGreece","article_modified_time":"2021-05-21T10:22:22+00:00","og_image":[{"url":"http:\/\/www.stratonigreece.com\/wp-content\/uploads\/2021\/05\/itineraire-473x1024.jpg","type":"","width":"","height":""}],"twitter_card":"summary_large_image","twitter_misc":{"Dur\u00e9e de lecture estim\u00e9e":"2 minutes"},"schema":{"@context":"https:\/\/schema.org","@graph":[{"@type":"WebPage","@id":"https:\/\/www.stratonigreece.com\/index.php\/sy-rendre\/","url":"https:\/\/www.stratonigreece.com\/index.php\/sy-rendre\/","name":"S'y rendre - StratoniGreece","isPartOf":{"@id":"https:\/\/www.stratonigreece.com\/#website"},"primaryImageOfPage":{"@id":"https:\/\/www.stratonigreece.com\/index.php\/sy-rendre\/#primaryimage"},"image":{"@id":"https:\/\/www.stratonigreece.com\/index.php\/sy-rendre\/#primaryimage"},"thumbnailUrl":"http:\/\/www.stratonigreece.com\/wp-content\/uploads\/2021\/05\/itineraire-473x1024.jpg","datePublished":"2021-05-21T07:37:59+00:00","dateModified":"2021-05-21T10:22:22+00:00","breadcrumb":{"@id":"https:\/\/www.stratonigreece.com\/index.php\/sy-rendre\/#breadcrumb"},"inLanguage":"fr-FR","potentialAction":[{"@type":"ReadAction","target":["https:\/\/www.stratonigreece.com\/index.php\/sy-rendre\/"]}]},{"@type":"ImageObject","inLanguage":"fr-FR","@id":"https:\/\/www.stratonigreece.com\/index.php\/sy-rendre\/#primaryimage","url":"https:\/\/www.stratonigreece.com\/wp-content\/uploads\/2021\/05\/itineraire.jpg","contentUrl":"https:\/\/www.stratonigreece.com\/wp-content\/uploads\/2021\/05\/itineraire.jpg","width":945,"height":2048},{"@type":"BreadcrumbList","@id":"https:\/\/www.stratonigreece.com\/index.php\/sy-rendre\/#breadcrumb","itemListElement":[{"@type":"ListItem","position":1,"name":"Accueil","item":"https:\/\/www.stratonigreece.com\/"},{"@type":"ListItem","position":2,"name":"S&rsquo;y rendre"}]},{"@type":"WebSite","@id":"https:\/\/www.stratonigreece.com\/#website","url":"https:\/\/www.stratonigreece.com\/","name":"StratoniGreece","description":"Les amis de Stratoni Halkidiki Greece","potentialAction":[{"@type":"SearchAction","target":{"@type":"EntryPoint","urlTemplate":"https:\/\/www.stratonigreece.com\/?s={search_term_string}"},"query-input":{"@type":"PropertyValueSpecification","valueRequired":true,"valueName":"search_term_string"}}],"inLanguage":"fr-FR"}]}},"_links":{"self":[{"href":"https:\/\/www.stratonigreece.com\/index.php\/wp-json\/wp\/v2\/pages\/845"}],"collection":[{"href":"https:\/\/www.stratonigreece.com\/index.php\/wp-json\/wp\/v2\/pages"}],"about":[{"href":"https:\/\/www.stratonigreece.com\/index.php\/wp-json\/wp\/v2\/types\/page"}],"author":[{"embeddable":true,"href":"https:\/\/www.stratonigreece.com\/index.php\/wp-json\/wp\/v2\/users\/2"}],"replies":[{"embeddable":true,"href":"https:\/\/www.stratonigreece.com\/index.php\/wp-json\/wp\/v2\/comments?post=845"}],"version-history":[{"count":30,"href":"https:\/\/www.stratonigreece.com\/index.php\/wp-json\/wp\/v2\/pages\/845\/revisions"}],"predecessor-version":[{"id":892,"href":"https:\/\/www.stratonigreece.com\/index.php\/wp-json\/wp\/v2\/pages\/845\/revisions\/892"}],"wp:attachment":[{"href":"https:\/\/www.stratonigreece.com\/index.php\/wp-json\/wp\/v2\/media?parent=845"}],"curies":[{"name":"wp","href":"https:\/\/api.w.org\/{rel}","templated":true}]}}